{"id":3,"date":"2025-12-23T09:26:08","date_gmt":"2025-12-23T09:26:08","guid":{"rendered":"https:\/\/shuffleheaven.fi\/?page_id=3"},"modified":"2026-01-12T21:54:49","modified_gmt":"2026-01-12T21:54:49","slug":"tietosuojaseloste","status":"publish","type":"page","link":"https:\/\/shuffleheaven.fi\/index.php\/tietosuojaseloste\/","title":{"rendered":"Tietosuojaseloste"},"content":{"rendered":"\t\t<div data-elementor-type=\"wp-page\" data-elementor-id=\"3\" class=\"elementor elementor-3\" data-elementor-post-type=\"page\">\n\t\t\t\t<div class=\"elementor-element elementor-element-1bf4ace9 e-flex e-con-boxed e-con e-parent\" data-id=\"1bf4ace9\" data-element_type=\"container\">\n\t\t\t\t\t<div class=\"e-con-inner\">\n\t\t\t\t<div class=\"elementor-element elementor-element-7a517efd elementor-widget elementor-widget-text-editor\" data-id=\"7a517efd\" data-element_type=\"widget\" data-widget_type=\"text-editor.default\">\n\t\t\t\t\t\t\t\t\t<p><\/p>\n<h2 class=\"preFade fadeIn wp-block-heading\">Rekisteri- ja tietosuojaseloste<\/h2>\n<p class=\"preFade fadeIn\">T\u00e4m\u00e4 on Yrityksen EU:n yleisen tietosuoja-asetuksen (GDPR) mukainen rekisteri- ja tietosuojaseloste. Viimeisin muutos 26.12.2025.<\/p>\n<h3 class=\"preFade fadeIn\">1. Rekisterinpit\u00e4j\u00e4<\/h3>\n<p class=\"preFade fadeIn\">MaiGlow \/ Shuffleheaven<br \/>Postiosoite: Kaislakatu 6 h 152, 80130 Joensuu<\/p>\n<p class=\"preFade fadeIn\" data-rte-preserve-empty=\"true\">\u00a0<\/p>\n<h3 class=\"preFade fadeIn\">2. Rekisterist\u00e4 vastaava yhteyshenkil\u00f6<\/h3>\n<p class=\"preFade fadeIn\">Maiju P\u00f6pp\u00f6nen<br \/>info@shuffleheaven.fi<\/p>\n<h3 class=\"preFade fadeIn\">3. Henkil\u00f6tietorekisterin nimi ja yll\u00e4pidon peruste<\/h3>\n<ul data-rte-list=\"default\">\n<li>\n<p class=\"preFade fadeIn\">Shuffleheavenin verkkokaupan asiakasrekisteri<\/p>\n<\/li>\n<li>\n<p class=\"preFade fadeIn\">Shuffleheavenin uutiskirjeen tilanneiden rekisteri (s\u00e4hk\u00f6postilista)<\/p>\n<\/li>\n<\/ul>\n<h3 class=\"preFade fadeIn\">4. Rekisterin pit\u00e4misen peruste ja automaattinen tiedonker\u00e4ys<\/h3>\n<p class=\"preFade fadeIn\">Henkil\u00f6 on rekister\u00f6itynyt Shuffleheavenin asiakkaaksi ja ostanut verkkokaupasta tai tilannut uutiskirjeen.<br \/>Shuffleheavenin verkkokauppa on kaikille avoin eik\u00e4 pelkk\u00e4 sivujen selaaminen edellyt\u00e4 rekister\u00f6inti\u00e4.<br \/>Verkkokaupasta voidaan ker\u00e4t\u00e4 kootusti tilastollista tietoa (automaattinen tiedonker\u00e4ys) palvelun k\u00e4vij\u00e4m\u00e4\u00e4r\u00e4st\u00e4, verkkokaupan suosituimmista tuotteista tai muita vastaavia tilastollisia tietoja. Tilastollisen tiedon ker\u00e4\u00e4miseen verkkosivuilla on k\u00e4yt\u00f6ss\u00e4 Google Analytics. Googlen tietosuojak\u00e4yt\u00e4nt\u00f6ihin voi tutustua osoitteessa https:\/\/policies.google.com\/privacy?hl=fi.<\/p>\n<p class=\"preFade fadeIn\" data-rte-preserve-empty=\"true\">\u00a0<\/p>\n<h3 class=\"preFade fadeIn\">5. Oikeusperuste ja henkil\u00f6tietojen k\u00e4sittelyn tarkoitus<\/h3>\n<p class=\"preFade fadeIn\">EU:n yleisen tietosuoja-asetuksen mukainen oikeusperuste henkil\u00f6tietojen k\u00e4sittelylle on<br \/>&#8211; henkil\u00f6n suostumus (dokumentoitu, vapaaehtoinen, yksil\u00f6ity, tietoinen ja yksiselitteinen)<br \/>&#8211; laki<\/p>\n<p class=\"preFade fadeIn\">Henkil\u00f6tietojen k\u00e4sittelyn tarkoitus on\u00a0yhteydenpito asiakkaisiin, asiakassuhteen yll\u00e4pito, markkinointi tms.<\/p>\n<p class=\"preFade fadeIn\">Tietoja ei k\u00e4ytet\u00e4 automatisoituun p\u00e4\u00e4t\u00f6ksentekoon tai profilointiin.\u00a0<\/p>\n<p class=\"preFade fadeIn\">\u00a0<\/p>\n<h3 class=\"preFade fadeIn\">6. Rekisterin tietosis\u00e4lt\u00f6<\/h3>\n<ul data-rte-list=\"default\">\n<li>\n<p class=\"preFade fadeIn\">Henkil\u00f6n etu- ja sukunimi<\/p>\n<\/li>\n<li>\n<p class=\"preFade fadeIn\">S\u00e4hk\u00f6postiosoite<\/p>\n<\/li>\n<li>\n<p class=\"preFade fadeIn\">Laskutustiedot<\/p>\n<\/li>\n<li>\n<p class=\"preFade fadeIn\">Tiedot k\u00e4sitellyist\u00e4 tilauksista<\/p>\n<\/li>\n<\/ul>\n<p class=\"preFade fadeIn\">\u00a0<\/p>\n<h3 class=\"preFade fadeIn\">7. Tietojen s\u00e4\u00e4nn\u00f6nmukaiset luovutukset ja tietojen siirto EU:n tai ETA:n ulkopuolelle<\/h3>\n<p class=\"preFade fadeIn\">Tietoja ei luovuteta s\u00e4\u00e4nn\u00f6nmukaisesti muille tahoille. Tietoja voidaan julkaista silt\u00e4 osin kuin niin on sovittu asiakkaan kanssa.<\/p>\n<p class=\"preFade fadeIn\">Tietoja voidaan siirt\u00e4\u00e4 rekisterinpit\u00e4j\u00e4n toimesta my\u00f6s EU:n tai ETA:n ulkopuolelle.\u00a0Tietoja ei siirret\u00e4 Yhdysvaltoihin ilman rekister\u00f6ityjen nimenomaista suostumusta.<\/p>\n<h3 class=\"preFade fadeIn\">8. Maksuliikenteen tiedot<\/h3>\n<p class=\"preFade fadeIn\">Maksujen v\u00e4litt\u00e4j\u00e4n\u00e4 toimii Stripe Custom Oy ja Klarna, my\u00f6s liikuntaetujen osalta ePassi, Smartum ja Edenred. Asiakkaan verkkopankkimaksamisen tai luottokortin tiedot eiv\u00e4t tallennu yrityksen j\u00e4rjestelmiin, vaan j\u00e4\u00e4v\u00e4t maksunv\u00e4lityksest\u00e4 vastaavan yrityksen tietoihin.<\/p>\n<p class=\"preFade fadeIn\" data-rte-preserve-empty=\"true\">\u00a0<\/p>\n<h3 class=\"preFade fadeIn\">9. Rekisterin suojauksen periaatteet<\/h3>\n<p class=\"preFade fadeIn\">Rekisterin k\u00e4sittelyss\u00e4 noudatetaan huolellisuutta ja tietoj\u00e4rjestelmien avulla k\u00e4sitelt\u00e4v\u00e4t tiedot suojataan asianmukaisesti. Kun rekisteritietoja s\u00e4ilytet\u00e4\u00e4n Internet-palvelimilla, niiden laitteiston fyysisest\u00e4 ja digitaalisesta tietoturvasta huolehditaan asiaankuuluvasti. Rekisterinpit\u00e4j\u00e4 huolehtii siit\u00e4, ett\u00e4 tallennettuja tietoja sek\u00e4 palvelimien k\u00e4ytt\u00f6oikeuksia ja muita henkil\u00f6tietojen turvallisuuden kannalta kriittisi\u00e4 tietoja k\u00e4sitell\u00e4\u00e4n luottamuksellisesti ja vain niiden ty\u00f6ntekij\u00f6iden toimesta, joiden ty\u00f6nkuvaan se kuuluu.<\/p>\n<p class=\"preFade fadeIn\">\u00a0<\/p>\n<h3 class=\"preFade fadeIn\">10. Tarkastusoikeus ja oikeus vaatia tiedon korjaamista<\/h3>\n<p class=\"preFade fadeIn\">Jokaisella rekisteriss\u00e4 olevalla henkil\u00f6ll\u00e4 on oikeus tarkistaa rekisteriin tallennetut tietonsa ja vaatia mahdollisen virheellisen tiedon korjaamista tai puutteellisen tiedon t\u00e4ydent\u00e4mist\u00e4. Mik\u00e4li henkil\u00f6 haluaa tarkistaa h\u00e4nest\u00e4 tallennetut tiedot tai vaatia niihin oikaisua, pyynt\u00f6 tulee\u00a0l\u00e4hett\u00e4\u00e4 kirjallisesti\u00a0rekisterinpit\u00e4j\u00e4lle. Rekisterinpit\u00e4j\u00e4 voi pyyt\u00e4\u00e4 tarvittaessa pyynn\u00f6n esitt\u00e4j\u00e4\u00e4 todistamaan henkil\u00f6llisyytens\u00e4. Rekisterinpit\u00e4j\u00e4 vastaa asiakkaalle EU:n tietosuoja-asetuksessa s\u00e4\u00e4detyss\u00e4 ajassa.<\/p>\n<p class=\"preFade fadeIn\">\u00a0<\/p>\n<h3 class=\"preFade fadeIn\">11. Muut henkil\u00f6tietojen k\u00e4sittelyyn liittyv\u00e4t oikeudet<\/h3>\n<p class=\"preFade fadeIn\">Rekisteriss\u00e4 olevalla henkil\u00f6ll\u00e4 on oikeus pyyt\u00e4\u00e4 h\u00e4nt\u00e4 koskevien henkil\u00f6tietojen poistamiseen rekisterist\u00e4 (&#8221;oikeus tulla unohdetuksi&#8221;). Niin ik\u00e4\u00e4n rekister\u00f6idyill\u00e4 on muut\u00a0<a href=\"http:\/\/eur-lex.europa.eu\/legal-content\/FI\/TXT\/?uri=CELEX%3A32016R0679#d1e2144-1-1\" target=\"_blank\" rel=\"noopener\">EU:n yleisen tietosuoja-asetuksen mukaiset oikeudet<\/a>\u00a0kuten henkil\u00f6tietojen k\u00e4sittelyn rajoittaminen tietyiss\u00e4 tilanteissa. Pyynn\u00f6t tulee\u00a0l\u00e4hett\u00e4\u00e4 kirjallisesti\u00a0rekisterinpit\u00e4j\u00e4lle. Rekisterinpit\u00e4j\u00e4 voi pyyt\u00e4\u00e4 tarvittaessa pyynn\u00f6n esitt\u00e4j\u00e4\u00e4 todistamaan henkil\u00f6llisyytens\u00e4. Rekisterinpit\u00e4j\u00e4 vastaa asiakkaalle EU:n tietosuoja-asetuksessa s\u00e4\u00e4detyss\u00e4 ajassa.<\/p>\n<h3 class=\"preFade fadeIn\">12. K\u00e4yt\u00e4mme ev\u00e4steit\u00e4<\/h3>\n<p class=\"preFade fadeIn\">Yritys k\u00e4ytt\u00e4\u00e4 ev\u00e4steit\u00e4 (cookies) parantaakseen sivujen k\u00e4ytett\u00e4vyytt\u00e4 ja kehitt\u00e4\u00e4kseen palveluita. Ev\u00e4steiden avulla voidaan seurata verkkokaupan ja blogin k\u00e4vij\u00e4m\u00e4\u00e4ri\u00e4 sek\u00e4 mill\u00e4 selaimella verkkosivustoa k\u00e4ytet\u00e4\u00e4n.<br \/>Sivuston k\u00e4ytt\u00e4j\u00e4 hyv\u00e4ksyy itse ev\u00e4steet jokaisen sivuston osalta. Ev\u00e4steiden k\u00e4yt\u00f6n voi est\u00e4\u00e4 selaimen asetuksissa. Osa sivustosta ja sen sis\u00e4ll\u00f6st\u00e4 on sellaista, ett\u00e4 se ei toimi tarkoitetulla tavalla ilman ev\u00e4steit\u00e4.<br \/>Verkkosivullamme olevat kolmansien osapuolten mahdolliset liit\u00e4nn\u00e4ispalvelut , kuten Google Analytics, Facebook, Instagram tai YouTube \u2013videot voivat tallentaa k\u00e4ytt\u00e4j\u00e4n tunnistamiseen liittyv\u00e4\u00e4 tietoa, mihin yrityksell\u00e4 ei ole mink\u00e4\u00e4nlaista vaikutusmahdollisuutta. Voit kytke\u00e4 kolmansien osapuolten ev\u00e4steet pois k\u00e4yt\u00f6st\u00e4 selaimesi asetuksista kyseisten tahojen ohjeiden mukaisesti.<br \/>Verkkosivustolla voi olla painikkeita, joiden avulla voit jakaa sivujen sis\u00e4lt\u00f6\u00e4 esimerkiksi sosiaalisen median sivustoille. N\u00e4it\u00e4 sivustoja k\u00e4ytett\u00e4ess\u00e4 ulkopuolinen palveluntarjoaja voi asettaa laitteellesi ev\u00e4steen, joka ei ole yrityksemme hallinnoitavissa mill\u00e4\u00e4n tavalla. Lis\u00e4tietoa n\u00e4ist\u00e4 ev\u00e4steiden k\u00e4yt\u00f6st\u00e4 saa kolmansien osapuolten verkkosivustoilta.<\/p>\n<p><\/p>\t\t\t\t\t\t\t\t<\/div>\n\t\t\t\t\t<\/div>\n\t\t\t\t<\/div>\n\t\t\t\t<\/div>\n\t\t","protected":false},"excerpt":{"rendered":"<p>Rekisteri- ja tietosuojaseloste T\u00e4m\u00e4 on Yrityksen EU:n yleisen tietosuoja-asetuksen (GDPR) mukainen rekisteri- ja tietosuojaseloste. Viimeisin muutos 26.12.2025. 1. Rekisterinpit\u00e4j\u00e4 MaiGlow \/ ShuffleheavenPostiosoite: Kaislakatu 6 h 152, 80130 Joensuu \u00a0 2. Rekisterist\u00e4 vastaava yhteyshenkil\u00f6 Maiju P\u00f6pp\u00f6neninfo@shuffleheaven.fi 3. Henkil\u00f6tietorekisterin nimi ja yll\u00e4pidon peruste Shuffleheavenin verkkokaupan asiakasrekisteri Shuffleheavenin uutiskirjeen tilanneiden rekisteri (s\u00e4hk\u00f6postilista) 4. Rekisterin pit\u00e4misen peruste ja automaattinen&hellip;&nbsp;<a href=\"https:\/\/shuffleheaven.fi\/index.php\/tietosuojaseloste\/\" rel=\"bookmark\"><span class=\"screen-reader-text\">Tietosuojaseloste<\/span><\/a><\/p>\n","protected":false},"author":1,"featured_media":0,"parent":0,"menu_order":0,"comment_status":"closed","ping_status":"closed","template":"","meta":{"neve_meta_sidebar":"","neve_meta_container":"","neve_meta_enable_content_width":"","neve_meta_content_width":0,"neve_meta_title_alignment":"","neve_meta_author_avatar":"","neve_post_elements_order":"","neve_meta_disable_header":"","neve_meta_disable_footer":"","neve_meta_disable_title":"","footnotes":""},"class_list":["post-3","page","type-page","status-publish","hentry"],"yoast_head":"<!-- This site is optimized with the Yoast SEO plugin v26.6 - https:\/\/yoast.com\/wordpress\/plugins\/seo\/ -->\n<title>Tietosuojaseloste - SHUFFLEHEAVEN<\/title>\n<meta name=\"robots\" content=\"index, follow, max-snippet:-1, max-image-preview:large, max-video-preview:-1\" \/>\n<link rel=\"canonical\" href=\"https:\/\/shuffleheaven.fi\/index.php\/tietosuojaseloste\/\" \/>\n<meta property=\"og:locale\" content=\"fi_FI\" \/>\n<meta property=\"og:type\" content=\"article\" \/>\n<meta property=\"og:title\" content=\"Tietosuojaseloste - SHUFFLEHEAVEN\" \/>\n<meta property=\"og:description\" content=\"Rekisteri- ja tietosuojaseloste T\u00e4m\u00e4 on Yrityksen EU:n yleisen tietosuoja-asetuksen (GDPR) mukainen rekisteri- ja tietosuojaseloste. Viimeisin muutos 26.12.2025. 1. Rekisterinpit\u00e4j\u00e4 MaiGlow \/ ShuffleheavenPostiosoite: Kaislakatu 6 h 152, 80130 Joensuu \u00a0 2. Rekisterist\u00e4 vastaava yhteyshenkil\u00f6 Maiju P\u00f6pp\u00f6neninfo@shuffleheaven.fi 3. Henkil\u00f6tietorekisterin nimi ja yll\u00e4pidon peruste Shuffleheavenin verkkokaupan asiakasrekisteri Shuffleheavenin uutiskirjeen tilanneiden rekisteri (s\u00e4hk\u00f6postilista) 4. Rekisterin pit\u00e4misen peruste ja automaattinen&hellip;&nbsp;Tietosuojaseloste\" \/>\n<meta property=\"og:url\" content=\"https:\/\/shuffleheaven.fi\/index.php\/tietosuojaseloste\/\" \/>\n<meta property=\"og:site_name\" content=\"SHUFFLEHEAVEN\" \/>\n<meta property=\"article:modified_time\" content=\"2026-01-12T21:54:49+00:00\" \/>\n<meta name=\"twitter:card\" content=\"summary_large_image\" \/>\n<meta name=\"twitter:label1\" content=\"Arvioitu lukuaika\" \/>\n\t<meta name=\"twitter:data1\" content=\"4 minuuttia\" \/>\n<script type=\"application\/ld+json\" class=\"yoast-schema-graph\">{\"@context\":\"https:\/\/schema.org\",\"@graph\":[{\"@type\":\"WebPage\",\"@id\":\"https:\/\/shuffleheaven.fi\/index.php\/tietosuojaseloste\/\",\"url\":\"https:\/\/shuffleheaven.fi\/index.php\/tietosuojaseloste\/\",\"name\":\"Tietosuojaseloste - SHUFFLEHEAVEN\",\"isPartOf\":{\"@id\":\"https:\/\/shuffleheaven.fi\/#website\"},\"datePublished\":\"2025-12-23T09:26:08+00:00\",\"dateModified\":\"2026-01-12T21:54:49+00:00\",\"breadcrumb\":{\"@id\":\"https:\/\/shuffleheaven.fi\/index.php\/tietosuojaseloste\/#breadcrumb\"},\"inLanguage\":\"fi\",\"potentialAction\":[{\"@type\":\"ReadAction\",\"target\":[\"https:\/\/shuffleheaven.fi\/index.php\/tietosuojaseloste\/\"]}]},{\"@type\":\"BreadcrumbList\",\"@id\":\"https:\/\/shuffleheaven.fi\/index.php\/tietosuojaseloste\/#breadcrumb\",\"itemListElement\":[{\"@type\":\"ListItem\",\"position\":1,\"name\":\"Home\",\"item\":\"https:\/\/shuffleheaven.fi\/\"},{\"@type\":\"ListItem\",\"position\":2,\"name\":\"Tietosuojaseloste\"}]},{\"@type\":\"WebSite\",\"@id\":\"https:\/\/shuffleheaven.fi\/#website\",\"url\":\"https:\/\/shuffleheaven.fi\/\",\"name\":\"SHUFFLEHEAVEN\",\"description\":\"Shuffletanssia Joensuussa\",\"publisher\":{\"@id\":\"https:\/\/shuffleheaven.fi\/#organization\"},\"potentialAction\":[{\"@type\":\"SearchAction\",\"target\":{\"@type\":\"EntryPoint\",\"urlTemplate\":\"https:\/\/shuffleheaven.fi\/?s={search_term_string}\"},\"query-input\":{\"@type\":\"PropertyValueSpecification\",\"valueRequired\":true,\"valueName\":\"search_term_string\"}}],\"inLanguage\":\"fi\"},{\"@type\":\"Organization\",\"@id\":\"https:\/\/shuffleheaven.fi\/#organization\",\"name\":\"SHUFFLEHEAVEN\",\"url\":\"https:\/\/shuffleheaven.fi\/\",\"logo\":{\"@type\":\"ImageObject\",\"inLanguage\":\"fi\",\"@id\":\"https:\/\/shuffleheaven.fi\/#\/schema\/logo\/image\/\",\"url\":\"https:\/\/shuffleheaven.fi\/wp-content\/uploads\/2025\/12\/Untitled-design_20250716_183112_0000.png\",\"contentUrl\":\"https:\/\/shuffleheaven.fi\/wp-content\/uploads\/2025\/12\/Untitled-design_20250716_183112_0000.png\",\"width\":1000,\"height\":1000,\"caption\":\"SHUFFLEHEAVEN\"},\"image\":{\"@id\":\"https:\/\/shuffleheaven.fi\/#\/schema\/logo\/image\/\"}}]}<\/script>\n<!-- \/ Yoast SEO plugin. -->","yoast_head_json":{"title":"Tietosuojaseloste - SHUFFLEHEAVEN","robots":{"index":"index","follow":"follow","max-snippet":"max-snippet:-1","max-image-preview":"max-image-preview:large","max-video-preview":"max-video-preview:-1"},"canonical":"https:\/\/shuffleheaven.fi\/index.php\/tietosuojaseloste\/","og_locale":"fi_FI","og_type":"article","og_title":"Tietosuojaseloste - SHUFFLEHEAVEN","og_description":"Rekisteri- ja tietosuojaseloste T\u00e4m\u00e4 on Yrityksen EU:n yleisen tietosuoja-asetuksen (GDPR) mukainen rekisteri- ja tietosuojaseloste. Viimeisin muutos 26.12.2025. 1. Rekisterinpit\u00e4j\u00e4 MaiGlow \/ ShuffleheavenPostiosoite: Kaislakatu 6 h 152, 80130 Joensuu \u00a0 2. Rekisterist\u00e4 vastaava yhteyshenkil\u00f6 Maiju P\u00f6pp\u00f6neninfo@shuffleheaven.fi 3. Henkil\u00f6tietorekisterin nimi ja yll\u00e4pidon peruste Shuffleheavenin verkkokaupan asiakasrekisteri Shuffleheavenin uutiskirjeen tilanneiden rekisteri (s\u00e4hk\u00f6postilista) 4. Rekisterin pit\u00e4misen peruste ja automaattinen&hellip;&nbsp;Tietosuojaseloste","og_url":"https:\/\/shuffleheaven.fi\/index.php\/tietosuojaseloste\/","og_site_name":"SHUFFLEHEAVEN","article_modified_time":"2026-01-12T21:54:49+00:00","twitter_card":"summary_large_image","twitter_misc":{"Arvioitu lukuaika":"4 minuuttia"},"schema":{"@context":"https:\/\/schema.org","@graph":[{"@type":"WebPage","@id":"https:\/\/shuffleheaven.fi\/index.php\/tietosuojaseloste\/","url":"https:\/\/shuffleheaven.fi\/index.php\/tietosuojaseloste\/","name":"Tietosuojaseloste - SHUFFLEHEAVEN","isPartOf":{"@id":"https:\/\/shuffleheaven.fi\/#website"},"datePublished":"2025-12-23T09:26:08+00:00","dateModified":"2026-01-12T21:54:49+00:00","breadcrumb":{"@id":"https:\/\/shuffleheaven.fi\/index.php\/tietosuojaseloste\/#breadcrumb"},"inLanguage":"fi","potentialAction":[{"@type":"ReadAction","target":["https:\/\/shuffleheaven.fi\/index.php\/tietosuojaseloste\/"]}]},{"@type":"BreadcrumbList","@id":"https:\/\/shuffleheaven.fi\/index.php\/tietosuojaseloste\/#breadcrumb","itemListElement":[{"@type":"ListItem","position":1,"name":"Home","item":"https:\/\/shuffleheaven.fi\/"},{"@type":"ListItem","position":2,"name":"Tietosuojaseloste"}]},{"@type":"WebSite","@id":"https:\/\/shuffleheaven.fi\/#website","url":"https:\/\/shuffleheaven.fi\/","name":"SHUFFLEHEAVEN","description":"Shuffletanssia Joensuussa","publisher":{"@id":"https:\/\/shuffleheaven.fi\/#organization"},"potentialAction":[{"@type":"SearchAction","target":{"@type":"EntryPoint","urlTemplate":"https:\/\/shuffleheaven.fi\/?s={search_term_string}"},"query-input":{"@type":"PropertyValueSpecification","valueRequired":true,"valueName":"search_term_string"}}],"inLanguage":"fi"},{"@type":"Organization","@id":"https:\/\/shuffleheaven.fi\/#organization","name":"SHUFFLEHEAVEN","url":"https:\/\/shuffleheaven.fi\/","logo":{"@type":"ImageObject","inLanguage":"fi","@id":"https:\/\/shuffleheaven.fi\/#\/schema\/logo\/image\/","url":"https:\/\/shuffleheaven.fi\/wp-content\/uploads\/2025\/12\/Untitled-design_20250716_183112_0000.png","contentUrl":"https:\/\/shuffleheaven.fi\/wp-content\/uploads\/2025\/12\/Untitled-design_20250716_183112_0000.png","width":1000,"height":1000,"caption":"SHUFFLEHEAVEN"},"image":{"@id":"https:\/\/shuffleheaven.fi\/#\/schema\/logo\/image\/"}}]}},"jetpack_sharing_enabled":true,"_links":{"self":[{"href":"https:\/\/shuffleheaven.fi\/index.php\/wp-json\/wp\/v2\/pages\/3","targetHints":{"allow":["GET"]}}],"collection":[{"href":"https:\/\/shuffleheaven.fi\/index.php\/wp-json\/wp\/v2\/pages"}],"about":[{"href":"https:\/\/shuffleheaven.fi\/index.php\/wp-json\/wp\/v2\/types\/page"}],"author":[{"embeddable":true,"href":"https:\/\/shuffleheaven.fi\/index.php\/wp-json\/wp\/v2\/users\/1"}],"replies":[{"embeddable":true,"href":"https:\/\/shuffleheaven.fi\/index.php\/wp-json\/wp\/v2\/comments?post=3"}],"version-history":[{"count":13,"href":"https:\/\/shuffleheaven.fi\/index.php\/wp-json\/wp\/v2\/pages\/3\/revisions"}],"predecessor-version":[{"id":313,"href":"https:\/\/shuffleheaven.fi\/index.php\/wp-json\/wp\/v2\/pages\/3\/revisions\/313"}],"wp:attachment":[{"href":"https:\/\/shuffleheaven.fi\/index.php\/wp-json\/wp\/v2\/media?parent=3"}],"curies":[{"name":"wp","href":"https:\/\/api.w.org\/{rel}","templated":true}]}}